33 + -1?
-34
In base 2, what is -1110011 - 10101101?
-100100000
In base 15, what is 5 - 2c?
-27
In base 16, what is 1 - -9?
a
In base 14, what is -1 + 601?
600
In base 15, what is -13 + -70?
-83
In base 12, what is 0 + -592?
-592
In base 7, what is 15 + -13?
2
In base 2, what is 11001 + -1100000?
-1000111
In base 12, what is 41 + 3?
44
In base 4, what is -3323 - -31?
-3232
In base 16, what is 1c - -5?
21
In base 11, what is -1 - -5a?
59
In base 12, what is 1a88 + 2?
1a8a
In base 3, what is 2 - 12221?
-12212
In base 6, what is 230 - 2?
224
In base 9, what is -13 - 87?
-111
In base 10, what is -3 + -248?
-251
In base 9, what is 15844 - -5?
15850
In base 4, what is -23 + -200?
-223
In base 6, what is 133 + -2?
131
In base 11, what is -364 - -4?
-360
In base 2, what is 1010111001010 - 11?
1010111000111
In base 16, what is 12 + a4?
b6
In base 12, what is 1 - -717?
718
In base 10, what is -6 - 61?
-67
In base 6, what is 3102 + 20?
3122
In base 4, what is -3 - 1123?
-1132
In base 8, what is 4 + 210?
214
In base 10, what is -1 + -156?
-157
In base 7, what is -1 - 1?
-2
In base 5, what is -220 + -10?
-230
In base 14, what is -4 + 74?
70
In base 7, what is 1032 + 0?
1032
In base 10, what is -612 - 3?
-615
In base 2, what is -100 + 10001001111?
10001001011
In base 2, what is -1001011 - 10?
-1001101
In base 7, what is 220 + -12?
205
In base 7, what is -54616 - -4?
-54612
In base 7, what is -545 + 12?
-533
In base 13, what is -5 + -8a?
-92
In base 9, what is -1 + 88?
87
In base 9, what is -5 + -6?
-12
In base 10, what is 8 - -26?
34
In base 15, what is 3 - -1d0?
1d3
In base 9, what is 10 + -237?
-227
In base 11, what is -2 + 1100?
10a9
In base 11, what is -3a86 + 1?
-3a85
In base 6, what is -5114 + 15?
-5055
In base 15, what is -5 + -22?
-27
In base 9, what is -468 + 0?
-468
In base 13, what is -20 - a?
-2a
In base 7, what is -5 - 120?
-125
In base 4, what is -21 + -10221?
-10302
In base 9, what is -13 + -635?
-648
In base 4, what is 321 + -102?
213
In base 14, what is 444 + -d?
435
In base 16, what is -e94 - 3?
-e97
In base 12, what is 1 - 24?
-23
In base 10, what is -19 + 164?
145
In base 9, what is -1317 - -1?
-1316
In base 9, what is 43 + -1?
42
In base 6, what is -3 - 101?
-104
In base 12, what is 8 + -356?
-34a
In base 13, what is 10 - a?
3
In base 8, what is 1 - -72?
73
In base 15, what is 376 - -4?
37a
In base 2, what is 1000 + -101010110?
-101001110
In base 7, what is 5 - 556?
-551
In base 11, what is -2189 - -2?
-2187
In base 16, what is 1 + 2a?
2b
In base 2, what is 1100 - 101?
111
In base 3, what is 0 - 20?
-20
In base 6, what is -12050 + -4?
-12054
In base 11, what is -17 + -338?
-354
In base 10, what is -131 - 1?
-132
In base 12, what is 2 + 508?
50a
In base 13, what is 17 + 11?
28
In base 16, what is -47 - -1f?
-28
In base 2, what is -1000111011 + -1011?
-1001000110
In base 10, what is 92 + -15?
77
In base 6, what is -2004 + 10?
-1554
In base 13, what is -3 - 178?
-17b
In base 16, what is 8 - -7?
f
In base 11, what is -9 + -5?
-13
In base 12, what is 11 + -4?
9
In base 11, what is -3 - 28?
-30
In base 7, what is -255 + -225?
-513
In base 10, what is 17 + 18?
35
In base 12, what is -349 + -3?
-350
In base 13, what is -443 + -3?
-446
In base 4, what is 2 - 20?
-12
In base 11, what is 9552 + -1?
9551
In base 2, what is 1010111 + 100?
1011011
In base 3, what is -10 + 2211120?
2211110
In base 5, what is 12221 + -1?
12220
In base 3, what is 121 + 22?
220
In base 2, what is -1 + 11100010101?
11100010100
In base 2, what is 100001101 - 10110?
11110111
In base 14, what is 6 - -54?
5a
In base 12, what is 1a0a - 2?
1a08
In base 11, what is -4 + 401?
3a8
In base 12, what is 5 - -835?
83a
In base 8, what is -271 - -3?
-266
In base 10, what is 652 + 12?
664
In base 9, what is -75 + -7?
-83
In base 7, what is 2 - -401?
403
In base 2, what is 0 + 10111010010?
10111010010
In base 8, what is -1 - -135?
134
In base 9, what is -5 + 5?
0
In base 16, what is 0 - 1527?
-1527
In base 13, what is 1064 - 3?
1061
In base 4, what is 200022 - -1?
200023
In base 3, what is -1 + 2002?
2001
In base 15, what is 2 - 1e3?
-1e1
In base 6, what is 123 - 5?
114
In base 14, what is 5 + -886?
-881
In base 8, what is 7 - -32?
41
In base 6, what is -1 - -52455?
52454
In base 15, what is -232 + 3?
-22e
In base 12, what is 83 - -1ba?
281
In base 14, what is -c2 - -5?
-bb
In base 11, what is 13 + -32?
-1a
In base 8, what is 13 + -71?
-56
In base 10, what is -6 - -21?
15
In base 14, what is -5 + 1027?
1022
In base 2, what is -11 + 10011010101?
10011010010
In base 4, what is 3 + -1101?
-1032
In base 2, what is 1001110001101 - 100?
1001110001001
In base 12, what is -4 + -7?
-b
In base 15, what is 1 - 19e?
-19d
In base 8, what is 1 - 474?
-473
In base 14, what is -8 - 4?
-c
In base 10, what is 0 + 1016?
1016
In base 12, what is -138 + 0?
-138
In base 13, what is -9c + 5?
-97
In base 13, what is 7 + -2a?
-23
In base 6, what is 0 + 4?
4
In base 4, what is 20200 - -2?
20202
In base 16, what is -1 + -2a?
-2b
In base 7, what is 24 - 12?
12
In base 15, what is 450 + 0?
450
In base 14, what is 1 - -7d?
80
In base 13, what is -9 + a5?
99
In base 6, what is 1 + 405?
410
In base 10, what is -2502 + 3?
-2499
In base 8, what is 2 + -176?
-174
In base 11, what is -a1 + 6?
-96
In base 4, what is -202 + -10?
-212
In base 5, what is 0 - -1034?
1034
In base 3, what is -11 + -1002?
-1020
In base 7, what is 22115 - 1?
22114
In base 12, what is -1a + 4?
-16
In base 9, what is -201 + -1?
-202
In base 15, what is 42 + -4?
3d
In base 9, what is 32 - 41?
-8
In base 12, what is 159 + -4?
155
In base 3, what is 2 - -10211121?
10211200
In base 14, what is -2 + -52?
-54
In base 12, what is 4 + 1a6?
1aa
In base 10, what is 27 + 2?
29
In base 8, what is 1 - 11?
-10
In base 11, what is 4 + -53?
-4a
In base 9, what is -6 + 2235?
2228
In base 14, what is -13c - -3?
-139
In base 15, what is -4 + 122?
11d
In base 7, what is 5263 - -5?
5301
In base 6, what is 4 + -43?
-35
In base 4, what is 100313 - 0?
100313
In base 14, what is a + 5d?
69
In base 3, what is -20 + 21?
1
In base 7, what is 50 - -10?
60
In base 5, what is -3020 + -2?
-3022
In base 14, what is 45 + -26?
1d
In base 8, what is 3 - -41?
44
In base 9, what is -15 - -4?
-11
In base 14, what is 1 - 21c?
-21b
In base 13, what is b1 - -4?
b5
In base 4, what is -2002 + -2021?
-10023
In base 15, what is -2 + -41?
-43
In base 9, what is -680 + 5?
-674
In base 3, what is -12 + -11222112?
-11222201
In base 7, what is 1 - 14?
-13
In base 15, what is 3 - -77?
7a
In base 5, what is -1441 - -121?
-1320
In base 16, what is a - 54a?
-540
In base 4, what is 1212 - 3230?
-2012
In base 11, what is 329 + -8?
321
In base 12, what is 4093 - 6?
4089
In base 6, what is 4 + 3111?
3115
In base 13, what is -3306 - 3?
-3309
In base 12, what is -44 + 3?
-41
In base 4, what is 30 + -101?
-11
In base 13, what is -12 - -26?
14
In base 5, what is 4 - 3?
1
In base 6, what is -3330 - -12?
-3314
In base 12, what is 2ab + 5?
2b4
In base 16, what is 5 + 21?
26
In base 3, what is 0 - -222?
222
In base 9, what is -4 - 7068?
-7073
In base 4, what is -312 + -3?
-321
In base 14, what is 3 + -b5?
-b2
In base 12, what is -1 + 1216?
1215
In base 13, what is 6 + ba?
c3
In base 6, what is -5 - -2144?
2135
In base 4, what is -10310 - -111?
-10133
In base 12, what is -818 + 2?
-816
In base 8, what is 12 + -3312?
-3300
In base 13, what is -2c70 + 0?
-2c70
In base 4, what is 1 - 33033?
-33032
In base 15, what is -2363 - 1?
-2364
In base 14, what is 8a - -1?
8b
In base 11, what is 7 + -a?
-3
In base 8, what is -1721 + -13?
-1734
In base 7, what is -3 + 6?
3
In base 16, what is -5 + -26?
-2b
In base 3, what is -10120 - 20?
-10210
In base 9, what is -2411 - 6?
-2417
In base 15, what is 4 - -49d?
4a2
In base 7, what is 65 - -35?
133
In base 15, what is 4 + -e97?
-e93
In base 9, what is -1 - -2815?
2814
In base 9, what is 10758 + -2?
10756
In base 10, what is -2 + 1713?
1711
In base 5, what is 14023 + 3?
14031
In base 8, what is -64 - 21?
-105
In base 15, what is -cb1 - -1?
-cb0
In base 6, what is -3040 - 25?
-3105
In base 12, what is -179b + -2?
-17a1
In base 6, what is 42 + -1?
41
In base 8, what is 1106 + -2?
1104
In base 8, what is -476 - 4?
-502
In base 6, what is 2 + 430?
432
In base 10, what is 12 + -793?
-78